09812.
12
Calculate the greatest common divisor of 6396 and 500604.
156
What is the highest common divisor of 102 and 102034?
34
What is the highest common factor of 8 and 778384?
8
Calculate the highest common factor of 264620 and 4585.
655
Calculate the highest common factor of 7654 and 59986.
178
What is the highest common factor of 80 and 848080?
80
Calculate the highest common divisor of 31127 and 1025360.
1831
What is the highest common factor of 60027 and 2244?
561
Calculate the highest common divisor of 2382 and 498.
6
What is the greatest common divisor of 37688 and 224?
56
What is the highest common factor of 2898 and 567?
63
Calculate the highest common factor of 12629 and 2117.
73
Calculate the greatest common divisor of 5139 and 18.
9
Calculate the greatest common divisor of 67 and 18425.
67
What is the highest common divisor of 18795 and 15?
15
Calculate the highest common divisor of 2688 and 11328.
192
What is the greatest common divisor of 1517 and 47642?
41
Calculate the greatest common divisor of 635252 and 3472.
124
Calculate the highest common factor of 62309 and 13.
13
Calculate the greatest common factor of 44 and 27599.
11
Calculate the highest common divisor of 72692 and 142177.
1069
What is the highest common divisor of 193068 and 8928?
1116
Calculate the highest common divisor of 2626 and 104.
26
What is the highest common factor of 2028 and 1236?
12
Calculate the greatest common factor of 1494915 and 30.
15
What is the greatest common divisor of 54742 and 1111?
101
What is the highest common divisor of 5380 and 528585?
1345
What is the greatest common factor of 18 and 17028?
18
Calculate the greatest common factor of 5696 and 448.
64
What is the highest common factor of 1992270 and 2148?
1074
What is the highest common factor of 121990 and 40?
10
What is the highest common divisor of 876 and 118824?
12
Calculate the highest common factor of 54027 and 20677.
667
Calculate the greatest common divisor of 158125 and 23.
23
Calculate the highest common divisor of 105 and 109725.
105
Calculate the highest common divisor of 3949640 and 280.
40
What is the greatest common factor of 13080 and 9960?
120
What is the highest common factor of 385 and 3875?
5
What is the greatest common factor of 254 and 5022850?
254
Calculate the greatest common factor of 6104 and 5488.
56
What is the highest common factor of 130 and 2392?
26
What is the greatest common factor of 563 and 572571?
563
Calculate the highest common divisor of 92675 and 22.
11
Calculate the highest common divisor of 1360 and 39355.
85
What is the greatest common factor of 1995 and 255?
15
What is the greatest common factor of 377098 and 922?
922
Calculate the greatest common divisor of 424 and 116600.
424
What is the greatest common factor of 2 and 130589?
1
What is the highest common divisor of 2272 and 5254?
142
Calculate the highest common factor of 412322 and 58.
58
What is the highest common divisor of 1068024 and 6?
6
What is the highest common factor of 376 and 113834?
94
What is the highest common divisor of 262301 and 13?
13
What is the highest common factor of 472 and 1121?
59
What is the highest common divisor of 544 and 294967?
17
Calculate the greatest common factor of 578774 and 14.
14
What is the greatest common factor of 1110 and 6882?
222
Calculate the highest common divisor of 188 and 544.
4
What is the highest common divisor of 9918 and 570?
114
Calculate the highest common divisor of 2298 and 383.
383
Calculate the highest common divisor of 1220 and 425170.
610
Calculate the highest common divisor of 481550 and 425.
25
Calculate the highest common factor of 52 and 6644.
4
What is the highest common divisor of 808 and 8376?
8
What is the greatest common divisor of 235061 and 37?
37
What is the greatest common divisor of 147 and 694820?
49
What is the greatest common factor of 671147 and 754?
29
Calculate the greatest common factor of 234 and 894996.
18
Calculate the highest common factor of 203670 and 360.
90
Calculate the highest common factor of 737 and 1584.
11
Calculate the highest common factor of 24768 and 2408.
344
Calculate the greatest common divisor of 5060 and 64860.
460
What is the greatest common factor of 1434310 and 90?
10
What is the highest common divisor of 8768 and 104?
8
Calculate the greatest common divisor of 695898 and 9261.
1323
What is the highest common factor of 31407 and 3973?
29
What is the greatest common factor of 1315 and 915?
5
What is the highest common factor of 142 and 58859?
71
What is the highest common factor of 743256 and 592?
296
What is the highest common factor of 297 and 41121?
27
What is the greatest common factor of 68005 and 1305?
145
What is the highest common divisor of 441 and 77301?
63
Calculate the greatest common divisor of 144 and 1251.
9
Calculate the greatest common factor of 1890 and 14070.
210
What is the greatest common divisor of 16 and 321988?
4
Calculate the highest common factor of 3956 and 3612.
172
What is the greatest common factor of 1989794 and 38?
38
What is the greatest common factor of 321 and 99189?
321
Calculate the highest common divisor of 617715 and 1332.
333
What is the greatest common factor of 1222 and 71487?
611
What is the greatest common divisor of 3 and 22725?
3
Calculate the highest common factor of 19837 and 1079.
83
What is the highest common factor of 111 and 4479?
3
Calculate the highest common divisor of 25264 and 32.
16
Calculate the highest common divisor of 435 and 4065.
15
What is the greatest common divisor of 43 and 81270?
43
Calculate the highest common factor of 69132 and 1491.
21
What is the greatest common factor of 6305318 and 139?
139
Calculate the highest common factor of 546421 and 19.
19
What is the greatest common factor of 10 and 2011190?
10
What is the highest common divisor of 25 and 3794275?
25
Calculate the greatest common divisor of 880 and 16920.
40
Calculate the highest common factor of 20 and 85150.
10
Calculate the greatest common divisor of 10692 and 468.
36
What is the greatest common factor of 385 and 22275?
55
Calculate the greatest common divisor of 3131 and 682.
31
Calculate the greatest common divisor of 1372200 and 400.
200
What is the highest common divisor of 368 and 2323?
23
What is the greatest common factor of 216744 and 396?
132
Calculate the greatest common factor of 60485 and 5.
5
Calculate the highest common factor of 796 and 676003.
199
What is the highest common factor of 53361 and 14?
7
Calculate the highest common divisor of 294 and 122206.
98
Calculate the highest common factor of 211754 and 15062.
886
What is the highest common divisor of 15972 and 4092?
132
What is the highest common divisor of 616 and 9488?
8
What is the greatest common divisor of 135 and 1438695?
135
What is the highest common divisor of 504 and 129780?
252
What is the greatest common divisor of 8607 and 1292?
19
What is the greatest common divisor of 7149 and 429?
3
Calculate the highest common factor of 20638 and 34.
34
Calculate the highest common factor of 1434 and 54.
6
Calculate the greatest common factor of 3297 and 44058.
21
Calculate the greatest common factor of 10988 and 1608.
268
What is the highest common factor of 60 and 18440?
20
Calculate the greatest common divisor of 2344 and 424.
8
Calculate the greatest common factor of 9386 and 806.
26
Calculate the highest common factor of 9720 and 54.
54
Calculate the greatest common divisor of 5273433 and 99.
99
Calculate the greatest common factor of 588245 and 245.
245
Calculate the greatest common divisor of 59 and 65431.
59
Calculate the greatest common divisor of 53744 and 3536.
16
Calculate the highest common divisor of 384622 and 42.
14
Calculate the highest common factor of 61663 and 13363.
161
What is the greatest common factor of 92700 and 9?
9
Calculate the greatest common factor of 18184 and 8.
8
What is the highest common factor of 1485 and 990?
495
What is the highest common factor of 23200 and 19198?
58
What is the highest common divisor of 335 and 290?
5
What is the highest common factor of 185 and 14788715?
185
Calculate the highest common divisor of 23894 and 988.
26
Calculate the highest common divisor of 4137 and 34869.
591
Calculate the greatest common factor of